(l) = 72*l + 3. Let n be s(4). Suppose 5*g - 2*p + 0*p = 369, 4*g - 3*p = n. Suppose -4*v = 3*q - g, 4*q - 80 = -5*v + 3*q. What is the units digit of v?
5
What is the tens digit of 875*((-2)/(-12) + (-2388)/(-360))?
5
Let p(t) = 17*t + 3. Let j(v) = 8*v + 2. Let s(a) = 9*j(a) - 4*p(a). Let y be (-4)/4 - 9/(-3). What is the tens digit of s(y)?
1
Let j(t) = -3*t**2 - 5*t + 17. Let f be j(6). Let v = 84 + f. Let g = v - -78. What is the tens digit of g?
4
Let j be ((-82)/3)/((-1)/3). Let z(m) = 10*m**2 + 55*m + 23. Let i be z(-6). Let k = j - i. What is the tens digit of k?
2
Let g(u) = -464*u + 5236. What is the ten thousands digit of g(-30)?
1
What is the units digit of -2 + (-63)/(-33) - ((-20582)/11 - -10)?
1
Let p be -1*6/15 - (-56)/(-10). Let a be 196 + ((-8)/(-24) - 22/p). Suppose -m + 3*m + 3*l - 199 = 0, 2*m - a = -2*l. What is the tens digit of m?
0
Let r(n) = 4*n - 5. Let t(v) = v + 7. Let b be t(-7). Let d be r(b). What is the tens digit of d*(0 - 248/20)?
6
Suppose w - 206 = -z - 77, 113 = z - 3*w. Let j = z - -273. What is the hundreds digit of j?
3
Let t(c) = 2*c. Let q(m) = -21*m - 70. Let i(b) = q(b) + 6*t(b). What is the tens digit of i(-13)?
4
Suppose -8*j + 60*j - 1306912 - 399676 = 0. What is the tens digit of j?
1
Let l(b) be the first derivative of -b**4/4 + 11*b**3/3 - 17*b**2/2 + 14*b + 443. Suppose 5*n = 41 - 6. What is the units digit of l(n)?
1
What is the hundreds digit of 2/(-14) - (117591/(-35) + 99/165)?
3
Suppose 5989 = x + 4*v, -3*x + 3979 = 5*v - 14002. What is the units digit of x?
7
Suppose -18882 - 22282 = -2*j - 2*y, -3*j = y - 61746. What is the units digit of j?
2
Suppose -2*g + 17 - 5 = 0. Suppose 3*a = -g*z + z + 9, -4*a = 5*z - 7. Let i(c) = 4*c**3 - 5*c**2 + 3*c - 4. What is the tens digit of i(z)?
6
Let u = -33444 + 47577. What is the units digit of u?
3
Suppose 134*s - 74933 - 86445 = 276400. What is the units digit of s?
7
Let x(p) = -100*p + 62. Let v be x(11). Let l = v - -2487. What is the tens digit of l?
4
Let u = 116 + -118. Let r(g) = 0*g - 24*g + 26 - 28. What is the units digit of r(u)?
6
Let h(k) = -41*k**3 - 6*k**2 - 67*k - 250. What is the units digit of h(-4)?
6
Suppose 4*r + 5 = -r, b - 2*r = 116. Suppose 5*q = -4*t + 552, b = q - 0*q + 2*t. What is the hundreds digit of q?
1
Suppose 163 = 5*q + 63. Let d(g) = 75573 + 75588 - 151142 + 4*g. What is the tens digit of d(q)?
9
Let v(h) = h**3 - 24*h**2 + 2*h - 44. Let w be v(24). Let a be ((-12)/10)/(3/(-10)). Suppose b + 1 = -w, 329 = a*j + 3*b. What is the tens digit of j?
8
Let n be 3/((-314)/(-78) + -4). Let z = 481 - 436. Suppose -z + n = 6*b. What is the units digit of b?
2
Suppose o - 47538 = 5*n, 0 = 8*n - 9*n + 1. What is the units digit of o?
3
Let l = 31 - 26. Suppose 3*c + 2*s + l = 0, 4 = 4*c + s + 9. What is the units digit of -3*c*147/3?
7
Suppose 1355 + 60 = j. What is the hundreds digit of j?
4
Suppose -3*f - 3*u = 0, -4*f = -5*f - 4*u - 12. Suppose -3*q = -f*i - 421, -4*i = 5*q - 5*i - 730. What is the tens digit of q?
4
Let i(p) = 917 - 9*p - 25*p - 911. Let w be i(-9). Suppose 2*t - 3*y - w = 2*y, -t + 182 = 4*y. What is the tens digit of t?
6
Let n = 55 - 48. Suppose 0 = -19*y + n*y + 84. Let t(a) = 8*a + 43. What is the tens digit of t(y)?
9
Suppose 0 = 3*n + 4*y - 6*y - 5638, -9406 = -5*n + 2*y. What is the tens digit of n?
8
Let g = 266 - 257. Let r(s) = s**2 + s - 12. What is the tens digit of r(g)?
7
Let v = -9 + 13. Suppose -v*s = 4*i - 2196, -3*s + 4*i - 6*i + 1643 = 0. What is the tens digit of s?
4
Suppose -4*v = 5*c - 29696, 5*v - 3149 - 2786 = -c. What is the hundreds digit of c?
9
Let a = 14917 - 7374. What is the units digit of a?
3
Let f(g) = g**2 + 4*g + 3. Let j be (-52)/20 - (-4)/(-10). Let y be f(j). Suppose -k + 27 + 4 = y. What is the tens digit of k?
3
Suppose -11*j + 12624 + 3955 = -49905. What is the thousands digit of j?
6
Let o be (-7)/((-28)/(-8)) + 0 - -94. Let a = o - 166. Let i = 197 + a. What is the tens digit of i?
2
Let q(p) = 10*p + 14 + 11 + 2*p**2 - 32 - 4*p + 30*p**2. Let f(d) = -d - 3. Let o be f(-5). What is the hundreds digit of q(o)?
1
Suppose -32*q + 31*q = 613. Let l = q + 1049. What is the units digit of l?
6
Let c(l) = -l**2 - 2*l - 1. Let k(q) = 4*q**2 + 11*q + 2. Let d(p) = -15*c(p) - 3*k(p). What is the tens digit of d(-7)?
7
Suppose -14*l - 4*o = -15*l + 2847, -o + 4 = 0. What is the units digit of l?
3
Let r be (-376)/(-72) - 4/18. Let a(m) = 6 - 7*m + 152*m**3 + m - 4*m**2 - 149*m**3 - 7*m**2. What is the units digit of a(r)?
6
Let y(r) = 9*r**2 + 12*r + 96. Suppose -28*p + 17*p = 132. What is the units digit of y(p)?
8
Let u(y) = 236*y**3 + 6*y**2 - 15*y - 3. What is the tens digit of u(4)?
3
Let w(y) = 1145*y - 1129*y + 29 + 5 + 56*y**2. What is the hundreds digit of w(-3)?
4
Suppose -63151 = -18*v + 43337. What is the units digit of v?
6
Let w(z) = 320*z - 2635. What is the thousands digit of w(48)?
2
Suppose 5*i - 2636 = -c - 463, -2*c + 4301 = i. What is the tens digit of c?
4
Suppose 53 = -n + 8. Let v be (-72)/189*n/2*21. Suppose -6*g + 9*g = v. What is the tens digit of g?
6
Let v = -26649 + 50712. What is the ten thousands digit of v?
2
Let h = -1 + 16. Let z be (h*-1)/((-12)/8). Let g = z + 39. What is the tens digit of g?
4
Suppose -4*r = -2*x + 6708, -x + 3*x - 6716 = -4*r. Let g = -1819 + x. What is the tens digit of g?
3
Let s(z) be the second derivative of -z**5/20 + z**4/3 + z**3 - 11*z**2/2 - 8*z. Let v be s(5). What is the hundreds digit of (v/(-18)*-236)/(1/(-3))?
2
Suppose 524 = 4*d - 36. Suppose 13*v = 4*v + 36. Suppose 0 = g + 2*o + 2*o - d, 560 = v*g + 4*o. What is the units digit of g?
0
Let o(g) = 24*g**3 - 45*g**2 - 127*g + 73. Let h(d) = -13*d**3 + 23*d**2 + 64*d - 37. Let v(s) = -11*h(s) - 6*o(s). What is the tens digit of v(19)?
4
Let x(u) = -u**2 + 166. Let m be (-19)/(-3) + 7/(-21). Suppose 3*t = m*t. What is the hundreds digit of x(t)?
1
Let q(n) = n**2 + 20*n - 64. Let h be q(-23). What is the tens digit of h/(-2)*6858/(-45)?
8
Suppose 37*q = 190*q - 3493755. What is the hundreds digit of q?
8
Let u(i) = 3*i**3 - 2*i**2 + 8*i - 37. Let z(o) = -4*o**3 + 4*o**2 - 8*o + 37. Let f(j) = -5*u(j) - 4*z(j). What is the tens digit of f(12)?
0
Suppose 0 = -z + 10*z + 477. Let n = 53 + z. Suppose -3*j - i + n*i = -27, -i + 37 = 4*j. What is the units digit of j?
0
Suppose 34*f - 392053 = 707813. What is the thousands digit of f?
2
Let b = 44 - 41. Let t be (-6)/(-2)*(-2 - (-8)/b). What is the units digit of ((-190)/(-8) + -3)*t*2?
3
What is the hundreds digit of ((-12)/(-4))/(267096/(-29680) - -9)?
7
Let k = 444 - 695. Let s = 463 + k. What is the units digit of s?
2
Suppose 5*z + 4*q = 105110, -3*z - 25*q + 63066 = -29*q. What is the tens digit of z?
2
What is the units digit of 4/(-12)*(-24)/(-16)*-17634?
7
Let n = -31 + 34. Suppose 5*i - 5*u = 0, -n*i + 8*i + u - 18 = 0. Suppose -2*t + 2*l = -42 - 12, i*t = -4*l + 88. What is the units digit of t?
8
Let l be -15*(1 + (-2)/(40/1796)). Suppose -267*o + 265*o + l = 0. What is the units digit of o?
6
Let w be 5*-1 - 48/(-6). Suppose -2*q + w*f = -712, -3*q + 2*f = -7*q + 1392. What is the tens digit of q?
5
Suppose -r - 5 = -4, 2*r - 1168 = -5*w. Let g = w - -276. What is the hundreds digit of g?
5
Suppose 14*w + 22 = 92. Suppose 2*y + s + 20 = 7*y, 30 = y + w*s. Suppose -d - 4*d = 4*n - 64, y*n = -5*d + 85. What is the units digit of n?
1
Let h(c) = 2*c**3 + 36*c**2 - 4*c - 9. Let r be h(-18). Let k(i) = i**3 + 6*i**2 - i - 4. Let p be k(-4). Let g = r - p. What is the tens digit of g?
3
What is the hundreds digit of ((-1)/15 - 4537900/(-375))/1?
1
Suppose 4*c + 30181 = 74*o - 71*o, 0 = 2*o + 4*c - 20154. What is the thousands digit of o?
0
Let l(j) = 3*j**2 - 7*j + 54. Suppose 14*p + 177 = -33. What is the hundreds digit of l(p)?
8
Let m(c) = 508*c - 24. What is the hundreds digit of m(1)?
4
Let u(t) = -t + t**2 - 454 + 452 - t**3 + 4*t**3. What is the units digit of u(2)?
4
Suppose -16*a + 60 = -a. Suppose -4*o = -q + 270, a*q - q - 765 = -3*o. What is the tens digit of q?
5
Let w be 1/2 - (-1701)/54. Let i(d) = 29*d + 2. Let x be i(2). What is the tens digit of (-51*w/x)/(3/(-15))?
3
Let a(n) = -2*n**2 + 16*n - 2. Let k be a(8). Let g be k*(-6)/4*(-26 - -175). Suppose 7*x - g - 1289 = 0. W